{"id":2559,"date":"2023-08-03T01:46:20","date_gmt":"2023-08-03T01:46:20","guid":{"rendered":"https:\/\/evaquintas.ca\/biography\/"},"modified":"2026-03-02T19:01:03","modified_gmt":"2026-03-02T19:01:03","slug":"biography","status":"publish","type":"page","link":"https:\/\/evaquintas.ca\/en\/biography\/","title":{"rendered":"Biography"},"content":{"rendered":"\t\t<div data-elementor-type=\"wp-page\" data-elementor-id=\"2559\" class=\"elementor elementor-2559\" data-elementor-post-type=\"page\">\n\t\t\t\t\t\t\t<div class=\"elementor-element elementor-element-3dcbf69 e-flex e-con-boxed e-con e-parent\" data-id=\"3dcbf69\" data-element_type=\"container\" data-settings=\"{&quot;background_background&quot;:&quot;classic&quot;,&quot;container_type&quot;:&quot;flex&quot;,&quot;content_width&quot;:&quot;boxed&quot;}\" data-core-v316-plus=\"true\">\n\t\t\t\t\t<div class=\"e-con-inner\">\n\t\t\t\t<div class=\"elementor-element elementor-element-35cc0b5 elementor-widget elementor-widget-heading\" data-id=\"35cc0b5\" data-element_type=\"widget\" data-widget_type=\"heading.default\">\n\t\t\t\t<div class=\"elementor-widget-container\">\n\t\t\t<style>\/*! elementor - v3.17.0 - 08-11-2023 *\/\n.elementor-heading-title{padding:0;margin:0;line-height:1}.elementor-widget-heading .elementor-heading-title[class*=elementor-size-]>a{color:inherit;font-size:inherit;line-height:inherit}.elementor-widget-heading .elementor-heading-title.elementor-size-small{font-size:15px}.elementor-widget-heading .elementor-heading-title.elementor-size-medium{font-size:19px}.elementor-widget-heading .elementor-heading-title.elementor-size-large{font-size:29px}.elementor-widget-heading .elementor-heading-title.elementor-size-xl{font-size:39px}.elementor-widget-heading .elementor-heading-title.elementor-size-xxl{font-size:59px}<\/style><h2 class=\"elementor-heading-title elementor-size-default\">Biography<\/h2>\t\t<\/div>\n\t\t\t\t<\/div>\n\t\t\t\t\t<\/div>\n\t\t\t\t<\/div>\n\t\t\t\t<section class=\"elementor-section elementor-top-section elementor-element elementor-element-842da73 elementor-section-boxed elementor-section-height-default elementor-section-height-default\" data-id=\"842da73\" data-element_type=\"section\" data-settings=\"{&quot;background_background&quot;:&quot;classic&quot;}\">\n\t\t\t\t\t\t<div class=\"elementor-container elementor-column-gap-default\">\n\t\t\t\t\t<div class=\"elementor-column elementor-col-100 elementor-top-column elementor-element elementor-element-6514899\" data-id=\"6514899\" data-element_type=\"column\">\n\t\t\t<div class=\"elementor-widget-wrap elementor-element-populated\">\n\t\t\t\t\t\t\t\t<div class=\"elementor-element elementor-element-ee331c1 elementor-widget elementor-widget-text-editor\" data-id=\"ee331c1\" data-element_type=\"widget\" data-widget_type=\"text-editor.default\">\n\t\t\t\t<div class=\"elementor-widget-container\">\n\t\t\t<style>\/*! elementor - v3.17.0 - 08-11-2023 *\/\n.elementor-widget-text-editor.elementor-drop-cap-view-stacked .elementor-drop-cap{background-color:#69727d;color:#fff}.elementor-widget-text-editor.elementor-drop-cap-view-framed .elementor-drop-cap{color:#69727d;border:3px solid;background-color:transparent}.elementor-widget-text-editor:not(.elementor-drop-cap-view-default) .elementor-drop-cap{margin-top:8px}.elementor-widget-text-editor:not(.elementor-drop-cap-view-default) .elementor-drop-cap-letter{width:1em;height:1em}.elementor-widget-text-editor .elementor-drop-cap{float:left;text-align:center;line-height:1;font-size:50px}.elementor-widget-text-editor .elementor-drop-cap-letter{display:inline-block}<\/style>\t\t\t\t<!-- wp:paragraph -->\n<p><strong>Eva Quintas<\/strong><br \/><span style=\"font-weight: 400;\">Photography and Media Arts<\/span><br \/><a href=\"mailto:eva@evaquintas.ca\" target=\"_blank\" rel=\"noopener\">eva (at) evaquintas (dot) ca<\/a><\/p>\n<p><a href=\"https:\/\/www.facebook.com\/evaquintas\/\" target=\"_blank\" rel=\"noopener\"><span style=\"font-weight: 400;\">Facebook<\/span><\/a><span style=\"font-weight: 400;\"> &#8212; <\/span><a href=\"https:\/\/www.instagram.com\/eva_quintas_montreal\/?hl=es\" target=\"_blank\" rel=\"noopener\"><span style=\"font-weight: 400;\">Instagram<\/span><\/a><\/p>\n<!-- \/wp:paragraph -->\t\t\t\t\t\t<\/div>\n\t\t\t\t<\/div>\n\t\t\t\t\t<\/div>\n\t\t<\/div>\n\t\t\t\t\t\t\t<\/div>\n\t\t<\/section>\n\t\t<div class=\"elementor-element elementor-element-1cd478b e-con-full e-flex e-con e-parent\" data-id=\"1cd478b\" data-element_type=\"container\" data-settings=\"{&quot;background_background&quot;:&quot;classic&quot;,&quot;content_width&quot;:&quot;full&quot;,&quot;container_type&quot;:&quot;flex&quot;}\" data-core-v316-plus=\"true\">\n\t\t<div class=\"elementor-element elementor-element-57a1a5c e-flex e-con-boxed e-con e-child\" data-id=\"57a1a5c\" data-element_type=\"container\" data-settings=\"{&quot;container_type&quot;:&quot;flex&quot;,&quot;content_width&quot;:&quot;boxed&quot;}\">\n\t\t\t\t\t<div class=\"e-con-inner\">\n\t\t\t\t<div class=\"elementor-element elementor-element-ba83bbe elementor-widget elementor-widget-text-editor\" data-id=\"ba83bbe\" data-element_type=\"widget\" data-widget_type=\"text-editor.default\">\n\t\t\t\t<div class=\"elementor-widget-container\">\n\t\t\t\t\t\t\t<p><span style=\"font-weight: 400;\">Since the 1990s, Eva Quintas has pursued a photographic practice rooted in social and cultural issues with an interdisciplinary and collaborative approach.<\/span><\/p>\n<p><span style=\"font-weight: 400;\">Her production has included photographic exhibitions, web art works, video installations and artist publications. Through an exploration of different narrative forms, she probes the role of the imagination in the construction of identities, mythologies and cultural territories.<\/span><\/p>\n<p><span style=\"font-weight: 400;\">Quintas is interested in creation as a way of interpreting society and the issues raised by citizen-artists whose interventions modulate and disrupt the public space into which they are inserted. Questions of identity and belonging, history and memory, abandonment and transformation, are recurring themes in her work. Her projects are contextual, often developed during residencies, and inspired by social science methodologies; they are anchored in encounters and research around cultural and political territories, as she seeks the fragile balance between documentation and poetry, between aesthetics and critical engagement.<\/span><\/p>\n<p><span style=\"font-weight: 400;\">Of Catalan background, Eva Quintas lives and works in Montreal (Quebec, Canada). Her work has been presented in Canada and various countries in Europe and the Americas, Japan and West Africa, in exhibitions, events, and media art festivals and on digital platforms. Her recent projects have been developed through international residencies: Les R\u00e9collets, Paris (2015); Lumi\u00e8re d&#8217;encre, C\u00e9ret (2024); El Bolit, Girona (2023). For the past years, she has combined her practice with cultural work related to policy, programming, mediation and research.\u00a0 Co-founder\u00a0 of the digital creation centre <\/span><a href=\"https:\/\/www.topo.art\/\" target=\"_blank\" rel=\"noopener\"><span style=\"font-weight: 400;\">TOPO, <\/span><\/a>she is also member of <a href=\"https:\/\/latraverseegeopoetique.com\/\">La Travers\u00e9e<\/a> &#8211; Atelier de g\u00e9op\u00e9tique and co-researcher of the Observatoire des m\u00e9diations culturelles (<a href=\"https:\/\/omec.inrs.ca\/\">OMEC<\/a>).<\/p>\t\t\t\t\t\t<\/div>\n\t\t\t\t<\/div>\n\t\t\t\t\t<\/div>\n\t\t\t\t<\/div>\n\t\t\t\t<\/div>\n\t\t<div class=\"elementor-element elementor-element-0cd5a9d e-flex e-con-boxed e-con e-parent\" data-id=\"0cd5a9d\" data-element_type=\"container\" data-settings=\"{&quot;container_type&quot;:&quot;flex&quot;,&quot;content_width&quot;:&quot;boxed&quot;}\" data-core-v316-plus=\"true\">\n\t\t\t\t\t<div class=\"e-con-inner\">\n\t\t\t\t<div class=\"elementor-element elementor-element-53471f4 elementor-icon-list--layout-traditional elementor-list-item-link-full_width elementor-widget elementor-widget-icon-list\" data-id=\"53471f4\" data-element_type=\"widget\" data-widget_type=\"icon-list.default\">\n\t\t\t\t<div class=\"elementor-widget-container\">\n\t\t\t<link rel=\"stylesheet\" href=\"https:\/\/evaquintas.ca\/wp-content\/plugins\/elementor\/assets\/css\/widget-icon-list.min.css\">\t\t<ul class=\"elementor-icon-list-items\">\n\t\t\t\t\t\t\t<li class=\"elementor-icon-list-item\">\n\t\t\t\t\t\t\t\t\t\t\t<a href=\"https:\/\/evaquintas.ca\/wp-content\/uploads\/2025\/10\/EvaQuintas_CV2025_3pages-1.pdf\" target=\"_blank\" rel=\"nofollow\">\n\n\t\t\t\t\t\t\t\t\t\t\t\t<span class=\"elementor-icon-list-icon\">\n\t\t\t\t\t\t\t<svg aria-hidden=\"true\" class=\"e-font-icon-svg e-far-file\" viewBox=\"0 0 384 512\" xmlns=\"http:\/\/www.w3.org\/2000\/svg\"><path d=\"M369.9 97.9L286 14C277 5 264.8-.1 252.1-.1H48C21.5 0 0 21.5 0 48v416c0 26.5 21.5 48 48 48h288c26.5 0 48-21.5 48-48V131.9c0-12.7-5.1-25-14.1-34zM332.1 128H256V51.9l76.1 76.1zM48 464V48h160v104c0 13.3 10.7 24 24 24h104v288H48z\"><\/path><\/svg>\t\t\t\t\t\t<\/span>\n\t\t\t\t\t\t\t\t\t\t<span class=\"elementor-icon-list-text\">Curriculum Vitae  (see pdf doc: EvaQuintas_CV2025.pdf)<\/span>\n\t\t\t\t\t\t\t\t\t\t\t<\/a>\n\t\t\t\t\t\t\t\t\t<\/li>\n\t\t\t\t\t\t\t\t<li class=\"elementor-icon-list-item\">\n\t\t\t\t\t\t\t\t\t\t\t<a href=\"https:\/\/evaquintas.ca\/wp-content\/uploads\/2023\/07\/EvaQuintas_presse.pdf\" target=\"_blank\" rel=\"nofollow\">\n\n\t\t\t\t\t\t\t\t\t\t\t\t<span class=\"elementor-icon-list-icon\">\n\t\t\t\t\t\t\t<svg aria-hidden=\"true\" class=\"e-font-icon-svg e-far-newspaper\" viewBox=\"0 0 576 512\" xmlns=\"http:\/\/www.w3.org\/2000\/svg\"><path d=\"M552 64H112c-20.858 0-38.643 13.377-45.248 32H24c-13.255 0-24 10.745-24 24v272c0 30.928 25.072 56 56 56h496c13.255 0 24-10.745 24-24V88c0-13.255-10.745-24-24-24zM48 392V144h16v248c0 4.411-3.589 8-8 8s-8-3.589-8-8zm480 8H111.422c.374-2.614.578-5.283.578-8V112h416v288zM172 280h136c6.627 0 12-5.373 12-12v-96c0-6.627-5.373-12-12-12H172c-6.627 0-12 5.373-12 12v96c0 6.627 5.373 12 12 12zm28-80h80v40h-80v-40zm-40 140v-24c0-6.627 5.373-12 12-12h136c6.627 0 12 5.373 12 12v24c0 6.627-5.373 12-12 12H172c-6.627 0-12-5.373-12-12zm192 0v-24c0-6.627 5.373-12 12-12h104c6.627 0 12 5.373 12 12v24c0 6.627-5.373 12-12 12H364c-6.627 0-12-5.373-12-12zm0-144v-24c0-6.627 5.373-12 12-12h104c6.627 0 12 5.373 12 12v24c0 6.627-5.373 12-12 12H364c-6.627 0-12-5.373-12-12zm0 72v-24c0-6.627 5.373-12 12-12h104c6.627 0 12 5.373 12 12v24c0 6.627-5.373 12-12 12H364c-6.627 0-12-5.373-12-12z\"><\/path><\/svg>\t\t\t\t\t\t<\/span>\n\t\t\t\t\t\t\t\t\t\t<span class=\"elementor-icon-list-text\">Press kit (see pdf doc: EvaQuintas_presse.pdf)<\/span>\n\t\t\t\t\t\t\t\t\t\t\t<\/a>\n\t\t\t\t\t\t\t\t\t<\/li>\n\t\t\t\t\t\t<\/ul>\n\t\t\t\t<\/div>\n\t\t\t\t<\/div>\n\t\t\t\t\t<\/div>\n\t\t\t\t<\/div>\n\t\t\t\t\t\t\t<\/div>\n\t\t","protected":false},"excerpt":{"rendered":"<p>Biography Eva QuintasPhotography and Media Artseva (at) evaquintas (dot) ca Facebook &#8212; Instagram Since the 1990s, Eva Quintas has pursued a photographic practice rooted in social and cultural issues with an interdisciplinary and collaborative approach. Her production has included photographic exhibitions, web art works, video installations and artist publications. Through an exploration of different narrative [&hellip;]<\/p>\n","protected":false},"author":1,"featured_media":0,"parent":0,"menu_order":0,"comment_status":"closed","ping_status":"closed","template":"","meta":{"footnotes":""},"class_list":["post-2559","page","type-page","status-publish","hentry"],"_links":{"self":[{"href":"https:\/\/evaquintas.ca\/en\/wp-json\/wp\/v2\/pages\/2559","targetHints":{"allow":["GET"]}}],"collection":[{"href":"https:\/\/evaquintas.ca\/en\/wp-json\/wp\/v2\/pages"}],"about":[{"href":"https:\/\/evaquintas.ca\/en\/wp-json\/wp\/v2\/types\/page"}],"author":[{"embeddable":true,"href":"https:\/\/evaquintas.ca\/en\/wp-json\/wp\/v2\/users\/1"}],"replies":[{"embeddable":true,"href":"https:\/\/evaquintas.ca\/en\/wp-json\/wp\/v2\/comments?post=2559"}],"version-history":[{"count":80,"href":"https:\/\/evaquintas.ca\/en\/wp-json\/wp\/v2\/pages\/2559\/revisions"}],"predecessor-version":[{"id":6271,"href":"https:\/\/evaquintas.ca\/en\/wp-json\/wp\/v2\/pages\/2559\/revisions\/6271"}],"wp:attachment":[{"href":"https:\/\/evaquintas.ca\/en\/wp-json\/wp\/v2\/media?parent=2559"}],"curies":[{"name":"wp","href":"https:\/\/api.w.org\/{rel}","templated":true}]}}

<div data-elementor-type="wp-page" data-elementor-id="2559" class="elementor elementor-2559" data-elementor-post-type="page">
							<div class="elementor-element elementor-element-3dcbf69 e-flex e-con-boxed e-con e-parent" data-id="3dcbf69" data-element_type="container" data-settings="{&quot;background_background&quot;:&quot;classic&quot;,&quot;container_type&quot;:&quot;flex&quot;,&quot;content_width&quot;:&quot;boxed&quot;}" data-core-v316-plus="true">
					<div class="e-con-inner">
				<div class="elementor-element elementor-element-35cc0b5 elementor-widget elementor-widget-heading" data-id="35cc0b5" data-element_type="widget" data-widget_type="heading.default">
				<div class="elementor-widget-container">
			<style>/*! elementor - v3.17.0 - 08-11-2023 */
.elementor-heading-title{padding:0;margin:0;line-height:1}.elementor-widget-heading .elementor-heading-title[class*=elementor-size-]>a{color:inherit;font-size:inherit;line-height:inherit}.elementor-widget-heading .elementor-heading-title.elementor-size-small{font-size:15px}.elementor-widget-heading .elementor-heading-title.elementor-size-medium{font-size:19px}.elementor-widget-heading .elementor-heading-title.elementor-size-large{font-size:29px}.elementor-widget-heading .elementor-heading-title.elementor-size-xl{font-size:39px}.elementor-widget-heading .elementor-heading-title.elementor-size-xxl{font-size:59px}</style><h2 class="elementor-heading-title elementor-size-default">Biography</h2>		</div>
				</div>
					</div>
				</div>
				<section class="elementor-section elementor-top-section elementor-element elementor-element-842da73 elementor-section-boxed elementor-section-height-default elementor-section-height-default" data-id="842da73" data-element_type="section" data-settings="{&quot;background_background&quot;:&quot;classic&quot;}">
						<div class="elementor-container elementor-column-gap-default">
					<div class="elementor-column elementor-col-100 elementor-top-column elementor-element elementor-element-6514899" data-id="6514899" data-element_type="column">
			<div class="elementor-widget-wrap elementor-element-populated">
								<div class="elementor-element elementor-element-ee331c1 elementor-widget elementor-widget-text-editor" data-id="ee331c1" data-element_type="widget" data-widget_type="text-editor.default">
				<div class="elementor-widget-container">
			<style>/*! elementor - v3.17.0 - 08-11-2023 */
.elementor-widget-text-editor.elementor-drop-cap-view-stacked .elementor-drop-cap{background-color:#69727d;color:#fff}.elementor-widget-text-editor.elementor-drop-cap-view-framed .elementor-drop-cap{color:#69727d;border:3px solid;background-color:transparent}.elementor-widget-text-editor:not(.elementor-drop-cap-view-default) .elementor-drop-cap{margin-top:8px}.elementor-widget-text-editor:not(.elementor-drop-cap-view-default) .elementor-drop-cap-letter{width:1em;height:1em}.elementor-widget-text-editor .elementor-drop-cap{float:left;text-align:center;line-height:1;font-size:50px}.elementor-widget-text-editor .elementor-drop-cap-letter{display:inline-block}</style>				<!-- wp:paragraph -->
<p><strong>Eva Quintas</strong><br /><span style="font-weight: 400;">Photography and Media Arts</span><br /><a href="mailto:eva@evaquintas.ca" target="_blank" rel="noopener">eva (at) evaquintas (dot) ca</a></p>
<p><a href="https://www.facebook.com/evaquintas/" target="_blank" rel="noopener"><span style="font-weight: 400;">Facebook</span></a><span style="font-weight: 400;"> &#8212; </span><a href="https://www.instagram.com/eva_quintas_montreal/?hl=es" target="_blank" rel="noopener"><span style="font-weight: 400;">Instagram</span></a></p>
<!-- /wp:paragraph -->						</div>
				</div>
					</div>
		</div>
							</div>
		</section>
		<div class="elementor-element elementor-element-1cd478b e-con-full e-flex e-con e-parent" data-id="1cd478b" data-element_type="container" data-settings="{&quot;background_background&quot;:&quot;classic&quot;,&quot;content_width&quot;:&quot;full&quot;,&quot;container_type&quot;:&quot;flex&quot;}" data-core-v316-plus="true">
		<div class="elementor-element elementor-element-57a1a5c e-flex e-con-boxed e-con e-child" data-id="57a1a5c" data-element_type="container" data-settings="{&quot;container_type&quot;:&quot;flex&quot;,&quot;content_width&quot;:&quot;boxed&quot;}">
					<div class="e-con-inner">
				<div class="elementor-element elementor-element-ba83bbe elementor-widget elementor-widget-text-editor" data-id="ba83bbe" data-element_type="widget" data-widget_type="text-editor.default">
				<div class="elementor-widget-container">
							<p><span style="font-weight: 400;">Since the 1990s, Eva Quintas has pursued a photographic practice rooted in social and cultural issues with an interdisciplinary and collaborative approach.</span></p>
<p><span style="font-weight: 400;">Her production has included photographic exhibitions, web art works, video installations and artist publications. Through an exploration of different narrative forms, she probes the role of the imagination in the construction of identities, mythologies and cultural territories.</span></p>
<p><span style="font-weight: 400;">Quintas is interested in creation as a way of interpreting society and the issues raised by citizen-artists whose interventions modulate and disrupt the public space into which they are inserted. Questions of identity and belonging, history and memory, abandonment and transformation, are recurring themes in her work. Her projects are contextual, often developed during residencies, and inspired by social science methodologies; they are anchored in encounters and research around cultural and political territories, as she seeks the fragile balance between documentation and poetry, between aesthetics and critical engagement.</span></p>
<p><span style="font-weight: 400;">Of Catalan background, Eva Quintas lives and works in Montreal (Quebec, Canada). Her work has been presented in Canada and various countries in Europe and the Americas, Japan and West Africa, in exhibitions, events, and media art festivals and on digital platforms. Her recent projects have been developed through international residencies: Les Récollets, Paris (2015); Lumière d&#8217;encre, Céret (2024); El Bolit, Girona (2023). For the past years, she has combined her practice with cultural work related to policy, programming, mediation and research.  Co-founder  of the digital creation centre </span><a href="https://www.topo.art/" target="_blank" rel="noopener"><span style="font-weight: 400;">TOPO, </span></a>she is also member of <a href="https://latraverseegeopoetique.com/">La Traversée</a> &#8211; Atelier de géopétique and co-researcher of the Observatoire des médiations culturelles (<a href="https://omec.inrs.ca/">OMEC</a>).</p>						</div>
				</div>
					</div>
				</div>
				</div>
		<div class="elementor-element elementor-element-0cd5a9d e-flex e-con-boxed e-con e-parent" data-id="0cd5a9d" data-element_type="container" data-settings="{&quot;container_type&quot;:&quot;flex&quot;,&quot;content_width&quot;:&quot;boxed&quot;}" data-core-v316-plus="true">
					<div class="e-con-inner">
				<div class="elementor-element elementor-element-53471f4 elementor-icon-list--layout-traditional elementor-list-item-link-full_width elementor-widget elementor-widget-icon-list" data-id="53471f4" data-element_type="widget" data-widget_type="icon-list.default">
				<div class="elementor-widget-container">
			<link rel="stylesheet" href="https://evaquintas.ca/wp-content/plugins/elementor/assets/css/widget-icon-list.min.css">		<ul class="elementor-icon-list-items">
							<li class="elementor-icon-list-item">
											<a href="https://evaquintas.ca/wp-content/uploads/2025/10/EvaQuintas_CV2025_3pages-1.pdf" target="_blank" rel="nofollow">

												<span class="elementor-icon-list-icon">
							<svg aria-hidden="true" class="e-font-icon-svg e-far-file" viewBox="0 0 384 512" xmlns="http://www.w3.org/2000/svg"><path d="M369.9 97.9L286 14C277 5 264.8-.1 252.1-.1H48C21.5 0 0 21.5 0 48v416c0 26.5 21.5 48 48 48h288c26.5 0 48-21.5 48-48V131.9c0-12.7-5.1-25-14.1-34zM332.1 128H256V51.9l76.1 76.1zM48 464V48h160v104c0 13.3 10.7 24 24 24h104v288H48z"></path></svg>						</span>
										<span class="elementor-icon-list-text">Curriculum Vitae  (see pdf doc: EvaQuintas_CV2025.pdf)</span>
											</a>
									</li>
								<li class="elementor-icon-list-item">
											<a href="https://evaquintas.ca/wp-content/uploads/2023/07/EvaQuintas_presse.pdf" target="_blank" rel="nofollow">

												<span class="elementor-icon-list-icon">
							<svg aria-hidden="true" class="e-font-icon-svg e-far-newspaper" viewBox="0 0 576 512" xmlns="http://www.w3.org/2000/svg"><path d="M552 64H112c-20.858 0-38.643 13.377-45.248 32H24c-13.255 0-24 10.745-24 24v272c0 30.928 25.072 56 56 56h496c13.255 0 24-10.745 24-24V88c0-13.255-10.745-24-24-24zM48 392V144h16v248c0 4.411-3.589 8-8 8s-8-3.589-8-8zm480 8H111.422c.374-2.614.578-5.283.578-8V112h416v288zM172 280h136c6.627 0 12-5.373 12-12v-96c0-6.627-5.373-12-12-12H172c-6.627 0-12 5.373-12 12v96c0 6.627 5.373 12 12 12zm28-80h80v40h-80v-40zm-40 140v-24c0-6.627 5.373-12 12-12h136c6.627 0 12 5.373 12 12v24c0 6.627-5.373 12-12 12H172c-6.627 0-12-5.373-12-12zm192 0v-24c0-6.627 5.373-12 12-12h104c6.627 0 12 5.373 12 12v24c0 6.627-5.373 12-12 12H364c-6.627 0-12-5.373-12-12zm0-144v-24c0-6.627 5.373-12 12-12h104c6.627 0 12 5.373 12 12v24c0 6.627-5.373 12-12 12H364c-6.627 0-12-5.373-12-12zm0 72v-24c0-6.627 5.373-12 12-12h104c6.627 0 12 5.373 12 12v24c0 6.627-5.373 12-12 12H364c-6.627 0-12-5.373-12-12z"></path></svg>						</span>
										<span class="elementor-icon-list-text">Press kit (see pdf doc: EvaQuintas_presse.pdf)</span>
											</a>
									</li>
						</ul>
				</div>
				</div>
					</div>
				</div>
							</div>
